 of t and 225?
25
Let n = 9 + -8. What is the highest common factor of n and 7?
1
Let m(b) = -29*b - 8. Let d be m(5). Let u = 296 + d. What is the highest common divisor of 13 and u?
13
Suppose 0 = -6*r + 253 - 13. What is the highest common factor of 15 and r?
5
Let n = -2 - -4. Let i = 3 - -1. What is the highest common divisor of i and n?
2
Let a(f) = f**3 + 13*f**2 + f + 1. Let p(q) = -q**3 - 14*q**2. Let r(o) = -3*a(o) - 2*p(o). Let l be r(-11). What is the greatest common divisor of l and 6?
6
Let b = 113 + -89. Calculate the highest common factor of 36 and b.
12
Let j = 100 + -91. Calculate the greatest common factor of j and 72.
9
Let j be (-46)/(3*6/(-9)). Calculate the greatest common factor of j and 23.
23
Let k = 56 - -105. Let o = 231 - k. What is the greatest common divisor of o and 14?
14
Let m(i) = i**2 - i. Let d be m(-1). Suppose -c + 29 = d*p, 3*p - 31 = c + 20. Calculate the highest common divisor of p and 4.
4
Let q(f) = -f**3 + 2*f**2 - 1. Let l be q(1). Suppose l = -4*s + j + 29, 0 = -3*s + 4*j - 2 + 14. Calculate the greatest common divisor of s and 2.
2
Let k = 11 + -21. Let v = 28 + k. Calculate the highest common factor of 6 and v.
6
Let b = -5 - -6. Let m be (b - 3 - -12)*-1. Let q be (m + 0)/(2 - 3). What is the highest common divisor of q and 90?
10
Suppose -5*i + 200 = 2*s + 3*s, 0 = -4*i + s + 135. Calculate the greatest common divisor of 7 and i.
7
Let q = 17 + -9. Suppose 0 = 4*g - 5*g + 4. What is the greatest common divisor of g and q?
4
Suppose -16*o - 315 = -21*o. What is the greatest common divisor of 42 and o?
21
Let w(p) = -p + 4. Let j be w(3). What is the greatest common divisor of j and 3?
1
Suppose -5*h = -3*b - 330, -4*h = -2*b - b - 267. What is the greatest common factor of h and 9?
9
Let x(o) = 3*o - 22. Let d be x(14). Let m(b) = 2*b**3 - 5*b**2 + 2*b + 4. Suppose 7 + 9 = 4*l. Let g be m(l). What is the greatest common factor of d and g?
20
Let f be -2 - 0 - -3 - 2. Let z be (f - -17)/2*5. Let u(x) = -x**2 + 11*x - 5. Let s be u(10). Calculate the greatest common factor of z and s.
5
Suppose 5*c - 56 - 19 = 0. Let g = 45 - c. Calculate the highest common divisor of g and 45.
15
Let i be 229/2 + (-36)/(-24). What is the highest common divisor of 29 and i?
29
Let c(k) = -k**2 - 9*k - 2. Let o be c(-7). What is the highest common factor of o and 30?
6
Let q be -2 - ((-1)/1 + -1). Suppose -5*c - l + 79 = q, -4*l = c - l - 13. Calculate the highest common factor of c and 4.
4
Let k(j) = 5*j**3 - 2*j**2 + 2*j - 1. Let h(y) = -y + 6. Let d be h(5). Let r be k(d). What is the highest common divisor of 1 and r?
1
Let n be (2/(-4))/((-2)/4). Let z be (0 - n)*(1 + -31). Suppose 3*b - 117 - z = 0. Calculate the highest common divisor of b and 7.
7
Let m = -2 - -9. Suppose -2*z - 4*z = -18. Suppose -z*t = -m - 5. Calculate the highest common divisor of t and 6.
2
Suppose -4*r - 4*l = -9*l - 72, -4*r = -2*l - 60. What is the highest common divisor of 91 and r?
13
Suppose 3 = -4*d - 13. Let k be 9/((-2)/(d/3)). Let v be (-726)/(-15) - (-4)/(-10). Calculate the greatest common divisor of v and k.
6
Let d = 7 + 38. Suppose 0 = -5*c + 8 + 67. Calculate the greatest common factor of c and d.
15
Let p be (-188)/(-20) + 4/(-10) - 3. What is the highest common divisor of 66 and p?
6
Suppose p - c - 19 = -4*p, 3*p = c + 13. Suppose -4*h - 196 = -p*a, 0*h + 2*h - 10 = 0. Calculate the highest common divisor of 18 and a.
18
Let l be -1 - (0 + (-1 - 4)). Let u be (-1 + -7)*(315/(-28))/9. Calculate the highest common factor of l and u.
2
Let f be (1/3)/((-5)/(-75)). Suppose 0 = -5*g + f, 2*g - g = -4*n + 25. Let p be ((-115)/3)/((-2)/n). Calculate the highest common divisor of p and 46.
23
Suppose 5*d - 180 = -4*g, 3*d + 6 = -6. Suppose 4*o = 20 + 20. What is the highest common factor of o and g?
10
Suppose -4*b - 36 = 2*z, 2*z - 7*z = 2*b + 18. Let j(f) = -f + 3. Let c be j(b). What is the highest common factor of c and 4?
4
Suppose -2*q + 3*q = 24. Let b = 182 + -2. Suppose 3*a + r + 2*r = 180, b = 3*a + 4*r. What is the highest common factor of q and a?
12
Let q = 6 + -1. Calculate the highest common divisor of 5 and q.
5
Let x = 15 + 17. Suppose -n = t - x, 38 = 5*t + 4*n - 117. Let z be (t/3)/((-6)/(-4)). What is the highest common factor of z and 12?
6
Suppose -1 - 29 = -5*n. Suppose -6*q + 9*q - 72 = 0. What is the greatest common divisor of q and n?
6
Let t = 31 + -22. Calculate the highest common factor of t and 1.
1
Let u = -12 + 8. Let y be (-266)/u - 11/22. What is the highest common factor of y and 6?
6
Suppose -f + 2*f - 18 = 0. Calculate the greatest common factor of 9 and f.
9
Let c be (-1161)/(-45) + (-1)/(-5). Calculate the highest common divisor of c and 65.
13
Let v(z) = 3*z**2 - 3*z + 17. Let y be v(7). Calculate the highest common factor of 13 and y.
13
Suppose 4*k - 16 - 60 = 0. Suppose -58 = -3*t - k. What is the greatest common factor of t and 26?
13
Let j = -1527 - 197. Let q be j/(-18) - 34/(-153). Calculate the greatest common divisor of q and 12.
12
Suppose 3*k + k - 2 = -5*g, -3*g - k + 4 = 0. Let d(v) = 3*v**3 - 2*v**2 + 3*v - 2. Let b be d(1). Calculate the greatest common factor of g and b.
2
Suppose -6 = 3*n, -5*n + 4*n = 4*h - 614. What is the greatest common divisor of 22 and h?
22
Let f = 179 + -114. Let t = -39 + 55. Let c = t - 3. Calculate the greatest common divisor of f and c.
13
Let a be (1288/(-16))/((-1)/2). What is the greatest common divisor of a and 23?
23
Let m = 209 - 89. Suppose 0 = 2*k - 50 - 10. What is the highest common factor of m and k?
30
Suppose 0 = -2*b + 4*b - 128. Calculate the greatest common factor of 8 and b.
8
Suppose 0 = 2*s - 117 - 367. What is the greatest common factor of 22 and s?
22
Let m = 8 - 3. Let t be 1 - (-1 - -1)*1. Let f = t + m. What is the greatest common divisor of 24 and f?
6
Let a be 1/((6 + -3)/(-21)). Let i be (a - -8)/((-1)/(-17)). What is the highest common divisor of 17 and i?
17
Let c be (2 - 1) + (-51)/3. Let k be (-504)/c + (-1)/(-2). Calculate the greatest common divisor of 4 and k.
4
Let j = -5 + 11. Calculate the highest common factor of j and 18.
6
Let t(w) = -4*w - 3*w + w**2 - 3*w - 7 + 2*w. Let f be t(9). Let z be (-174)/(-12) + f/4. Calculate the highest common divisor of 3 and z.
3
Let y(w) = 4*w. Let n(x) = x**3 + 4*x**2 + x - 2. Let m be n(-3). Let v be y(m). Let d = 5 + 43. What is the greatest common divisor of v and d?
16
Suppose 5*k - 240 = -0*k. Suppose 5*l + 60 = 5*a, -4*l + 0*a = 2*a + k. Let r = 22 + l. What is the highest common factor of 5 and r?
5
Suppose -w = -3*w - 3*g + 39, -w + 4*g = 8. Let i = -2 + 0. Let r(c) = 5*c**2 + c. Let v be r(i). What is the highest common factor of v and w?
6
Let j(r) = -2*r + 1. Let s be j(-6). Let x(k) = 4*k + 4. Let g be x(s). What is the highest common factor of g and 8?
8
Suppose 10*r + 0*r = 160. Suppose 4*i - 198 = -6. What is the greatest common factor of i and r?
16
Let a = -13 + 17. Let x be -2 - ((-2)/2 + -33). Calculate the greatest common divisor of a and x.
4
Suppose -3*r = -s - 3, s = 5*r + 8 - 1. Let l = -10 - s. Calculate the highest common factor of l and 12.
4
Let x = -20 - -23. Suppose -177 - 213 = -x*o. What is the greatest common divisor of 26 and o?
26
Let s = 2 - -3. Let h be (-352)/12 + 4/(-6). Let z be (-42)/4*h/9. What is the highest common factor of s and z?
5
Let d(r) = r**2 - 18*r + 56. Let p be d(22). Calculate the highest common divisor of 8 and p.
8
Suppose -d - 383 = -3*s, -5*s + 2*d + 209 + 431 = 0. What is the highest common factor of 14 and s?
14
Let f(i) = -i - 5. Let d be f(-5). Suppose s + 3*s - 416 = d. Suppose 4*g = 14 + 38. Calculate the greatest common factor of g and s.
13
Let h(j) be the first derivative of -j**2/2 + 11*j + 2. Suppose 0 = -2*q - 3*q + 25. Let w be h(q). What is the greatest common divisor of w and 42?
6
Let h = 254 - 156. Let q be 3/(0 + -2 - -3). Suppose -2*n = -5*n + q*r + 57, -37 = -3*n - r. Calculate the highest common divisor of n and h.
14
Let d = -7 + 5. Let y be 1*(d + 5 + -1). Suppose -8*p + 8 = -4*p. Calculate the greatest common factor of p and y.
2
Suppose 0 = 4*f - h + 147, -2*f - 4*h - 50 = 46. Let w be (f/(-5))/((-2)/(-10)). Let o = 290 - 195. Calculate the greatest common factor of o and w.
19